 is -99a5761 - 5?
-99a5766
In base 12, what is 1b517771 - 1?
1b517770
In base 6, what is 2053230 + -1100?
2052130
In base 12, what is -1093488 - 3?
-109348b
In base 10, what is -1 - 116504188?
-116504189
In base 7, what is 41 + -430604534?
-430604463
In base 10, what is 31 - 33552?
-33521
In base 5, what is -2 - 12001243421?
-12001243423
In base 6, what is 144 - 1231304?
-1231120
In base 15, what is -19740b7 + -1?
-19740b8
In base 8, what is 1 + -16451437?
-16451436
In base 4, what is -2313210 + -31313?
-3011123
In base 8, what is 252332 - 2777?
247333
In base 13, what is -5a + -20049?
-200a6
In base 8, what is -151537527 - -2?
-151537525
In base 6, what is 4041354523 - -2?
4041354525
In base 2, what is -1010111100011010000001 - -10001?
-1010111100011001110000
In base 14, what is 993a8 - 16?
99392
In base 14, what is -708 - 6235?
-693d
In base 9, what is -57510 - -4623?
-52776
In base 2, what is 111 - -111111011111101001111100?
111111011111101010000011
In base 8, what is 136 + -750435?
-750277
In base 8, what is -140 - 60520207?
-60520347
In base 13, what is -1 + 1237c148?
1237c147
In base 13, what is 7 + 49093?
4909a
In base 5, what is -300220423 - 1?
-300220424
In base 6, what is 224 - -15424351?
15425015
In base 6, what is 15451 - -1502425?
1522320
In base 5, what is -122 + -113213103?
-113213230
In base 3, what is 110020110021 + -211211?
110012121110
In base 11, what is -4 - -1258a8568?
1258a8564
In base 10, what is 1470 + 1176?
2646
In base 15, what is -3d34b - 83?
-3d3ce
In base 13, what is 1a00a + -1ca?
19b10
In base 6, what is 530311512322 + 3?
530311512325
In base 16, what is 4 - -ca78c3?
ca78c7
In base 9, what is -5 + 618238?
618233
In base 4, what is -3130131 - 11130310?
-20321101
In base 6, what is 2145025121 + -3?
2145025114
In base 4, what is 20 + -31300330131?
-31300330111
In base 5, what is 1123043113 + 10?
1123043123
In base 8, what is 104315 - -21?
104336
In base 9, what is -84 - -5054236?
5054142
In base 15, what is 8 - -202c8dd?
202c8e6
In base 5, what is 2322 - 20244033?
-20241211
In base 4, what is 110220100 - 102011?
110112023
In base 5, what is -242430044 - 10?
-242430104
In base 4, what is -11 + -3130102102?
-3130102113
In base 9, what is 111 + 158?
270
In base 15, what is 1ee + 1da8e?
1dc8d
In base 7, what is 60 + 2630?
3020
In base 14, what is -782a + d?
-781b
In base 7, what is -522 - 1141506?
-1142331
In base 10, what is 89455771 - 5?
89455766
In base 10, what is 889749 - -12?
889761
In base 12, what is -1a75808 + -66?
-1a75872
In base 13, what is 2b3577 - 5a?
2b351a
In base 2, what is 0 - 10110011110010110010?
-10110011110010110010
In base 5, what is 12210104 - 141?
12204413
In base 7, what is -1665 + 1364200?
1362202
In base 16, what is 2b - -203646?
203671
In base 7, what is 2310 - 163420?
-161110
In base 6, what is 22040344 - 0?
22040344
In base 4, what is 311311110 + 103?
311311213
In base 3, what is 2000200 - 10120?
1220010
In base 4, what is 31133122312 + 3?
31133122321
In base 13, what is -2b283 - -23?
-2b260
In base 14, what is 12 + 23c9a5?
23c9b7
In base 16, what is -12f8e8d + -5?
-12f8e92
In base 6, what is -42225413 + -1232?
-42231045
In base 6, what is -2 - -234211103?
234211101
In base 3, what is 1110102112012002 - -120?
1110102112012122
In base 12, what is 9a - 1724a98?
-17249ba
In base 16, what is d017 + 152f?
e546
In base 12, what is -5 - -874b80a1?
874b8098
In base 9, what is 2 - -5768628?
5768631
In base 15, what is 342e0 + 12?
34302
In base 6, what is 2534225051 + -12?
2534225035
In base 5, what is 44124340 + 103?
44124443
In base 10, what is -324 + 45796?
45472
In base 10, what is 18 + 2954045?
2954063
In base 6, what is 12400553 + -1051?
12355502
In base 10, what is -137604 - 1738?
-139342
In base 7, what is 25 + 6631025?
6631053
In base 14, what is -116d31 + 6?
-116d29
In base 6, what is 233 + 13200545?
13201222
In base 2, what is 0 + 101000110001011011000?
101000110001011011000
In base 9, what is -6616814 + 5?
-6616808
In base 8, what is -220155 - -101?
-220054
In base 8, what is -1027003 + -553?
-1027556
In base 13, what is 802286 + 5a?
802313
In base 13, what is -1a76c29 + 6?
-1a76c23
In base 12, what is -11622 + 4264?
-937a
In base 10, what is -423912808 + -3?
-423912811
In base 2, what is 1001101000 - 1000111001111?
-111101100111
In base 4, what is -212331223113 - 10?
-212331223123
In base 7, what is -34661012 + 15?
-34660664
In base 15, what is -137a - 12dc?
-2667
In base 8, what is -106 - -36111773?
36111665
In base 4, what is 2223333312 - -103122?
2230103100
In base 13, what is -15775 - -20c?
-15566
In base 11, what is 617791 + -4?
617788
In base 15, what is 135b41 - -e1?
135c32
In base 6, what is 3 + -242012252?
-242012245
In base 11, what is 2 - -5303695?
5303697
In base 6, what is 311424 + -121354?
150030
In base 3, what is 221 + -102222111?
-102221120
In base 15, what is 2e561a - a?
2e5610
In base 11, what is 128192 + -193?
127aaa
In base 8, what is -43 + 41101670?
41101625
In base 16, what is -1f0a5 - 1bc?
-1f261
In base 5, what is -113 + -1400003343?
-1400004011
In base 10, what is 27 - 719560?
-719533
In base 15, what is -c2 - -6265a?
62588
In base 3, what is -1 - -10012211221020?
10012211221012
In base 10, what is -1717213507 - -2?
-1717213505
In base 8, what is -13 + -7713770?
-7714003
In base 8, what is -145774711 + -1?
-145774712
In base 13, what is 0 - -7c946?
7c946
In base 2, what is -100010011011 - 10100100001?
-110110111100
In base 15, what is 11 - c812a5?
-c81294
In base 3, what is -20121022102002 - 10200?
-20121022112202
In base 12, what is -2640977 + 0?
-2640977
In base 13, what is 22 - -7b2b778?
7b2b79a
In base 7, what is 1 + -2413336020?
-2413336016
In base 4, what is 212 - 10212032033?
-10212031221
In base 15, what is 2 - -4e8c96?
4e8c98
In base 6, what is 10311025121 - -5?
10311025130
In base 14, what is 0 - -32a391d?
32a391d
In base 15, what is 2 - -6579eae?
6579eb1
In base 11, what is -7631130 + -4?
-7631134
In base 14, what is 1 - -107d522?
107d523
In base 15, what is 18753b + -7?
187534
In base 15, what is d39 - 33b8?
-257e
In base 5, what is -141130 - -22321?
-113304
In base 5, what is -21120 - -44404?
23234
In base 7, what is 1626301522 + 20?
1626301542
In base 2, what is -1011 - 1000100111101100001000?
-1000100111101100010011
In base 3, what is -1022112111000 + 1?
-1022112110222
In base 10, what is -49 + -63146?
-63195
In base 4, what is 11021311313 + 11?
11021311330
In base 16, what is -18 + 323007?
322fef
In base 8, what is -121732223 - 6?
-121732231
In base 7, what is 41314 + -11546?
26435
In base 12, what is 0 - -14a1701?
14a1701
In base 6, what is -3045410434 + 2?
-3045410432
In base 5, what is 312333141 + 20?
312333211
In base 2, what is 100 - 1001000100101011111110?
-1001000100101011111010
In base 5, what is 22323043 - 30024?
22243014
In base 9, what is -74 + 8313300?
8313215
In base 3, what is 120 + -2000221101212201?
-2000221101212011
In base 12, what is -a42b18a0 + 4?
-a42b1898
In base 6, what is 213153345 - 2?
213153343
In base 16, what is 2 - -2672d7?
2672d9
In base 12, what is -529 - -103?
-426
In base 11, what is -3 - -5632736?
5632733
In base 6, what is 112300542400 - 5?
112300542351
In base 15, what is -400a - aba?
-4ac5
In base 10, what is 1 - 2632118?
-2632117
In base 16, what is 10 - -26fcc71?
26fcc81
In base 12, what is -57ba - 2922?
-8520
In base 13, what is -a5c4 + 725?
-9b9c
In base 5, what is -220 - -1221034144?
1221033424
In base 15, what is -46b - 29cae?
-2a22a
In base 9, what is -1502 + 450822?
448320
In base 4, what is -133022102 - 220?
-133022322
In base 3, what is 1212002122110011001 + -10?
1212002122110010221
In base 16, what is bcc - -1c5?
d91
In base 10, what is -4 + -37594739?
-37594743
In base 2, what is 101 + -100000010111000000111111101?
-100000010111000000111111000
In base 15, what is a348 + -200?
a148
In base 3, what is 112120 - 202120012?
-202000122
In base 12, what is -3890b3651 + 2?
-3890b364b
In base 2, what is 10110101100001010 + 101111101?
10110110010000111
In base 13, what is -1bb651bc + -5?
-1bb651c4
In base 6, what is -2133113310 - -4?
-2133113302
In base 10, what is -777 - 16708?
-17485
In base 5, what is 3300341041 + -3?
3300341033
In base 9, what is 708106 + 173?
708280
In base 4, what is -201031 - -1